)/4 + (-21)/14 + -3. Let i = 411 - v. Suppose q = -2*q + i. Is q composite?
True
Let s(z) = -882*z**3 + 9*z**2 + 21*z + 17. Is s(-3) a prime number?
False
Let j = 511351 + -304602. Is j a prime number?
True
Suppose 4*s + 113484 = -4*l - 0*l, l + 28369 = -3*s. Let a = l - -40057. Suppose 4*d - a = -809. Is d composite?
False
Let k be (-2)/(-1 + 1 - 5/(-10)). Is (-4)/((-140)/675) + k/14 prime?
True
Suppose 0 = -5*g - 9 + 64. Suppose 15*u = g*u + 76. Suppose -20*d + 1693 = -u*d. Is d prime?
True
Suppose -11*v = -9*v - 2358. Let z be (63/(-27))/((-1)/v). Suppose 5*d = 0, -2*y + 4*d = y - z. Is y composite?
True
Let d be (-10 + 3)/(-1)*1. Suppose -1284 = -v + d*v. Let g = 341 + v. Is g prime?
True
Suppose 3*d = 2*n - 362446, 0 = 3*n - 0*d + 2*d - 543656. Suppose z = 6*z + n. Is z/(-36) + (-2 - 80/(-36)) prime?
False
Let l = 1482664 + -863423. Is l a prime number?
False
Suppose -4*n - 7*q + 5*q + 1102 = 0, -n - 2*q = -274. Is 1 + (n/(-2))/(5/(-35)) a prime number?
True
Let i(d) = 34*d + 1555. Is i(66) a prime number?
False
Suppose -13008365 = -255*h + 12247955 - 7342315. Is h a prime number?
False
Let v be (-6)/(-3 + -3) + 4. Is 2540 + ((-9)/(-15))/1*v a composite number?
False
Let u = 10 - 4. Let n(p) = -u + 221*p + 11 - 7 - 6. Is n(5) prime?
True
Let y(f) = -12*f - 201. Let w be y(-25). Is (((-4191)/w)/((-1)/(-282)))/(-2) composite?
True
Suppose -6*t + 748 - 580 = 0. Suppose -4*l + 3*a = -7*l + 159, -l + 2*a = -59. Let c = l + t. Is c a prime number?
True
Let s(v) = v - 6. Suppose 2*i - 3*i + 8 = 0. Let z be s(i). Suppose 0 = z*c + b - 302, 0 = 3*b + 2*b - 20. Is c a prime number?
True
Let f = 51 + -51. Suppose f = -8*d - 0*d + 33720. Is (-3)/(-12) - (d/(-4))/5 composite?
False
Let b(x) = 48363*x - 75. Let j be b(3). Suppose -j = -113*z + 107*z. Is z a composite number?
False
Let j(v) = 661*v + 263. Is j(54) a composite number?
True
Let y be -33004 - 28/(21/3). Let h = y + 48559. Is h a composite number?
False
Let b(w) = 24*w - 93. Let v be b(4). Suppose 4*f = q - 6*q + 9764, -4*f - v*q = -9772. Is f prime?
False
Let r(x) = 76*x**3 + 133*x**3 + 3*x - 185 + x**2 + 184. Let p be r(2). Suppose -p - 664 = -7*z. Is z composite?
True
Suppose 2*v + 5*w + 1335 = 0, -3*v - 3*w = -8*v - 3415. Let j = 3725 + -454. Let s = j + v. Is s a prime number?
True
Let p(w) = 4*w**2 - w + 1. Let b be p(1). Suppose q + 314 = l, -9*l + b*l + 4*q + 1575 = 0. Is l a composite number?
True
Let p = -22500 + 22739. Is p composite?
False
Let o(z) = 2845*z**2 + 30*z - 2. Is o(19) a composite number?
False
Let k(q) = 2*q - 5*q + 6 + 3*q + 191*q**2 + 6*q. Is k(-2) a composite number?
True
Let a be -1 - (-7 + 9 - 423). Let s = 459 + a. Is s a prime number?
False
Let r(d) = d**3 + 6*d**2 - 8*d - 1. Let o be r(-7). Is 263 - (o + -1 + -1 - 3) composite?
True
Suppose 75493 = h - 5*u, -32*h + 151004 = -30*h - u. Is h a prime number?
True
Suppose -3126 + 1070 = 2*l. Let q(b) = -4*b**2 + 21*b + 5. Let x be q(12). Let m = x - l. Is m prime?
True
Let c(z) = -52*z**2 - 42*z**2 + 4*z + 98*z**2 + 3967. Is c(0) composite?
False
Suppose -4*h = -4, 5*h - 3*h + 34 = 4*p. Suppose 4*f = p*f - 1560. Suppose -2320 - f = -8*i. Is i a composite number?
True
Let h = 385 - 345. Is (4876 + -2)/(-1)*(-20)/h a prime number?
True
Suppose -29627 = 30*g - 43*g. Is g a composite number?
True
Let q(j) = -139*j - 50. Let h be (20/(-5) + -9)*1. Let x be q(h). Let g = x - 798. Is g a composite number?
True
Let g be ((-54)/(-12))/3*8/6. Suppose -322 = -c + 123. Suppose -g*v + c = 5*n, 0 = -5*n - 9 - 16. Is v a prime number?
False
Let w = -195 - -199. Let f = 1007 - w. Is f composite?
True
Suppose 36*a - 299803 = 407993. Is a a composite number?
False
Suppose -2*q - 60 - 20 = 14*q. Suppose 0*g - 3*w - 14 = g, -2*w + 4 = 0. Is 1058 - (1 - g/q) a prime number?
True
Suppose 22*d - 18*d = 3*n - 40447, 5*n + d = 67381. Is n a prime number?
True
Let l(c) = 345*c**3 + 33*c**2 - 4*c + 43. Is l(6) a prime number?
False
Is (-4)/(-16)*-16 + 37854/2 a composite number?
True
Is (-65074)/(3 - 5) + 174/(-29) a composite number?
False
Suppose -3*a + 31817 = 4*l, -5*l - 10*a + 39731 = -12*a. Is l a composite number?
False
Suppose 0 = 207*m - 36*m - 18430893. Is m composite?
True
Let b = -91 - -96. Let l(r) = -22 + 3*r**3 - b*r**3 - 7*r**2 + 4*r**3 - r**2 + 13*r. Is l(13) a composite number?
True
Suppose 0 = 42*f - 89*f + 21070241. Is f prime?
True
Is 21*(-2)/(-6) + 2427706/19 composite?
False
Suppose 1187104 = 8*u + 276192. Suppose u = 40*h - 945296. Is h composite?
False
Suppose 2*k = -2*u + 338, 0*u - 2*k - 706 = -4*u. Let b = 662 - u. Let f = b - -279. Is f prime?
False
Is (-20530)/4*(-686)/245 a prime number?
False
Let n(u) = 105*u**2 + 15. Let z be n(-4). Suppose -3*j + 1236 + z = 0. Is j prime?
True
Let a be (-8067)/(-12) + (-10)/40. Suppose 2*p - k + 672 = -2*k, -2*p + 4*k = a. Let l = 229 - p. Is l prime?
False
Let s(h) = 1348*h + 33. Is s(28) a composite number?
True
Is (526981/(-910))/((-3)/1590) composite?
True
Suppose -672176 + 3683499 = 193*o - 1006744. Is o a composite number?
True
Let b(u) = -u - 3. Let h be 2/13 - 476/221. Let w be b(h). Is (1028 + (w - -4))/1 prime?
True
Let v = 602 - 236. Suppose -3*j = 5*f - 34, 31*f - 22 = 27*f - 5*j. Suppose -v = -f*u + 2746. Is u prime?
True
Let f be (0 + -1)/((-6)/18) + -19. Let v be 5 - 4*(-4)/f*2. Suppose -v*q + 1171 = -2*q. Is q a composite number?
False
Suppose -6*d = 9 + 3. Suppose -1 + 13 = -3*m, 4*q - 4 = 2*m. Is q/(d/1) + (-1071)/(-6) a prime number?
True
Suppose -5*s = 4*u - 83237, s + 4*u = 16159 + 482. Is s prime?
True
Suppose 2*g + 3778 = w, 0 = -5*w + 9*g - 8*g + 18863. Let z be 23865/(-20) - (-3)/12. Let r = z + w. Is r composite?
False
Suppose 0 = -3*b + j - 27, -b - 6*j + 4*j - 2 = 0. Let y(f) = -f**2 + f. Let l(u) = u**3 + 11*u**2 + 9*u + 5. Let n(o) = l(o) - 7*y(o). Is n(b) prime?
False
Suppose 106*k + 126520 = 146*k. Is k composite?
False
Let q(s) = 9*s + 6. Let l(n) = -4*n - 3. Let w(c) = -7*l(c) - 3*q(c). Let h be w(2). Suppose h*k - 423 = -2*f + 6*f, k + 5*f - 73 = 0. Is k a composite number?
False
Let o(s) = -5621*s**3 + 10*s**2 + 22*s + 37. Is o(-2) a composite number?
True
Let x = 1027444 + -490811. Is x a prime number?
True
Let k(j) = 37*j**2 - 5*j + 195. Is k(7) a composite number?
False
Let n be (302/6 - (-1)/(-3)) + 1. Let w = 55 - n. Suppose 5*c = -l + 9232, 5*c + 3*l - 9238 = w*l. Is c prime?
True
Let r = 254 + -232. Is 2 + 76886/r + (-2)/(-11) composite?
True
Let k = -129 + 133. Suppose p = -5*v + 3340, 5*p + 0*p - 2693 = -k*v. Is v composite?
True
Suppose 0 = 211*g + 8*g - 13496313. Is g prime?
True
Let u = 2665947 - 1134600. Is u composite?
True
Suppose -2*r + 100 = 2*l, -5*r + l + 2*l = -210. Let i be 208/10 - (-9)/r. Is 12/3 + 15*i a prime number?
False
Let j(m) = -212*m + 136. Let p be j(46). Let i = p - -14525. Is i composite?
False
Let s = 128 + -127. Let p be s/(-12)*2 - (-12)/72. Suppose l = 3*x + 8421 - 3238, x - 4 = p. Is l a prime number?
False
Let k(m) = -2*m**2 - 43*m + 9. Let q(f) = -f**2 - 22*f + 4. Let u(l) = 3*k(l) - 5*q(l). Suppose -14*r - 168 - 42 = 0. Is u(r) a prime number?
True
Let x = 19105 + -9206. Is x composite?
True
Let o be -12 - 16342/(-14) - (-4)/(-14). Let i = 388 + o. Is i a prime number?
True
Suppose f + 164041 = t, 3*t + f - 478450 = 13673. Is t composite?
True
Let y(c) = 32210*c**2 + 91*c - 589. Is y(6) composite?
False
Suppose -15*u - 909663 = -72*u. Is u prime?
True
Let p(c) = 2050*c**2 - 66*c + 13. Is p(6) composite?
False
Suppose 0 = -5*t - 2*z + 29, -4*t + 12 = -3*z - z. Suppose -t*y + 39079 = -3*g, -13*g = -5*y - 16*g + 39061. Is y composite?
True
Suppose 0 = -4*w - 25 + 137. Let n be (-8474)/(-14) - w/98. Suppose 0 = -2*g - u + 402, 7*g + u = 4*g + n. Is g a prime number?
False
Suppose i = -18*i + 361. Let c(d) = 3*d**2 + d - 203. Is c(i) composite?
True
Suppose 4853*d = 4904*d - 2930307. Is d prime?
True
Is 0 + (-274836)/(-4) + (0 - -2) a composite number?
False
Suppose 0 = -4*x - 29 + 41. Let r(o) = 4*o**2 + 2*o - 1. Let g be r(1). Suppose x*a - 3075 = -2*a - j, -3*a = g*j - 1867. Is a prime?
False
Let w be (28/(-16) - 3/12) + -3. Suppose 2*v - 47 = -17. Is -2 + 8394/v + 3/w prime?
True
Let f(o) = 1039*o**2 + 7*o - 13. Let n be (324/(-60) + 5)/((-1)/10). Is f(n) composite?
True
Let c be 1876/(-35)